3*a - 11 = 0, 29 = 3*u - 2*u - 3*a. Suppose -l - 2*q = -3*l + 374, -4*q = u. What is the units digit of l?
2
Let a = -1 - -1. Let k = 14 - 11. Suppose 4*c - 4*n - 116 = a, -n - 6 + 73 = k*c. What is the units digit of c?
4
Suppose -81 = -0*m - 3*m. Suppose 2*j - 10 = -2. Suppose j*n - 45 - m = 0. What is the units digit of n?
8
Suppose -4*q - 8 = 0, 5*s - 3658 + 135 = 4*q. What is the hundreds digit of s?
7
Suppose 0*d - 819 = -3*d - 2*p, 4*p = -d + 263. What is the tens digit of d?
7
Let o = 623 - -433. What is the hundreds digit of o?
0
Let q be (-12)/(1 + (0 - -3 - 3)). What is the units digit of (-3)/(q/20)*(2 + 0)?
0
Suppose -3*y + z = -2*z + 6, 5*z = 4*y + 9. Let v be (4/5)/(y/(-5)). What is the tens digit of (-9)/(-1) + v/4?
1
Suppose 2*a - 3 = 1, 3*o - 26 = -4*a. Suppose o*j - 363 = 639. What is the tens digit of j?
6
Suppose w - 9 = -2*w. Suppose -5*d = -4*l - 10, 2 + 2 = w*l + 2*d. Suppose -6*i + 10*i - 84 = l. What is the units digit of i?
1
Let q = -312 + 597. What is the tens digit of q?
8
Let t be (-3 + 3 - 16 - -3)/(-1). Suppose -t*h + 68 = -11*h. What is the units digit of h?
4
Let h = 8 + -14. Let i be (-492)/h*(-2)/(-4). What is the units digit of i*(-4 - (1 + -6))?
1
Suppose -2*q - 2*x = -1034, q - 520 + 15 = 2*x. What is the units digit of q?
3
Let s be -1 + (-456)/(-10) + (-8)/(-20). What is the tens digit of (-2)/((-40)/s)*44?
9
Suppose 0 = -2*y + 63*y - 192516. What is the units digit of y?
6
Let d(n) = -n**2 + 10*n + 1. Let g be d(12). Let t = 36 - g. Suppose -s = -5, -5*h - 4*s + t - 14 = 0. What is the units digit of h?
5
Suppose 3*y = -3*w + 8457, -w = 17*y - 14*y - 2817. What is the tens digit of w?
2
What is the tens digit of 5/2*(-209496)/(-145)?
1
Let c(o) = -3*o**3 - 3*o**2 + 6*o + 1. Let l be c(-4). Suppose -l = -4*k + 127. Suppose 3*w - w - k = 0. What is the tens digit of w?
3
Suppose -12*b = -10*b. Let w be (-12 + 15)*(1 + b). Suppose -5*n + 4*i + 84 = 0, 5*i = -0*n + w*n - 40. What is the tens digit of n?
2
What is the thousands digit of (-6*2)/(48/(-4008))?
1
Suppose p - 7 = -58. What is the tens digit of (-297 - 0)*34/p?
9
Let b = 8 - 3. Suppose b*x = 159 + 191. What is the tens digit of x?
7
Let s(y) = -y**2 - 13*y + 16. Let b be s(-14). Let h(c) = -15 + 9 + 0*c + c**3 + 4*c + 8*c**b. What is the tens digit of h(-6)?
4
Let s be -24*(385/(-15) + -1). Suppose 0 = 6*m - 11*m + s. What is the hundreds digit of m?
1
Let s = 1417 + -908. What is the tens digit of s?
0
Suppose 3 + 3 = 3*m. Let o be (m/(-4))/((-2)/56). Let b = 27 + o. What is the units digit of b?
1
Suppose 482 + 942 = 8*v. What is the units digit of v?
8
Suppose -380 = -2*v - 2*v. Suppose -5*b - 4*h = -160 - v, -15 = -3*h. Let i = b - 31. What is the tens digit of i?
1
Let y be 1866/(-24) + 1/(-4). What is the tens digit of 104/y*(594/4)/(-3)?
6
Let j = 235 - 330. What is the units digit of (j/10 - 0)*-4?
8
Let a(i) = -15*i. Let c be a(-4). Let j = c + -43. Let v = 35 - j. What is the units digit of v?
8
Suppose 8*h = 6*h - 12. What is the units digit of (-15)/4*(2 + h)?
5
Let l be (-4)/((-8)/(-5) + -2). Let n(i) = 2*i**2. Let w be n(4). Let j = w + l. What is the units digit of j?
2
Let d(r) = -3*r**3 - 6*r**2 + 7*r + 4. What is the tens digit of d(-5)?
9
Let u(m) = -m**3 - 18*m**2 - 30*m - 47. What is the tens digit of u(-18)?
9
Let w(c) = 88*c - 687. What is the units digit of w(18)?
7
Let r(c) = -2*c + 16. Let d be r(7). Suppose -o + n = 2*n - 71, 6 = -d*n. What is the units digit of o?
4
Let o = -423 + 261. Let u = -108 - o. What is the units digit of u?
4
Let f = 7716 - 3325. What is the thousands digit of f?
4
Suppose 0 = f, -w - 3*f + 5 = -6*f. Suppose 25 = x - 0*x + 5*r, -w*x + 3*r + 265 = 0. What is the tens digit of x?
5
Suppose -2*o = 4*p + p + 35, -5*o - 4*p = 96. Let c be 16/o*(-15)/(-6). What is the tens digit of -2 - c/((-2)/(-27))?
2
Let g(a) = 4*a - 4 + 0*a - 23*a. What is the tens digit of g(-6)?
1
Let b = 157 - -133. What is the hundreds digit of b?
2
Suppose l = -3*n + 104, 3*l + 12 = -0*l. Let j be (n/5 - -2)*5. What is the units digit of (-2)/((-142)/j + 3)?
3
Suppose -2629 = -3*y + 2*u, -9*y + 3490 = -5*y + 5*u. What is the units digit of y?
5
Let y = -24 - -5. Let i = y - -20. What is the units digit of (1 - i) + -3 + 19?
6
Let t(g) be the second derivative of g**3 + 7*g**2/2 + 7*g. Let a be t(8). Suppose 4*h - 23 = -2*y + a, -5*y + h = -184. What is the tens digit of y?
3
Let b = -20 - -17. Let h be (b + -1)*15/(-20). Suppose -h*q + 19 = -107. What is the tens digit of q?
4
Let h(d) = d**2 - 5*d + 3. Let b(a) = 7*a - 1. Let x be b(1). Let w be h(x). Let i = -7 + w. What is the units digit of i?
2
Let w(v) = -v**2 - v + 3. Let a be w(0). Let x = 129 - a. What is the tens digit of x?
2
Suppose o = g + 4, -2 - 4 = -o + 2*g. Let d(r) = -r**3 + 2*r**2 - r + 3. Let b be d(0). Suppose 0 = o*u + x - 43, b*x - 6 - 3 = -u. What is the tens digit of u?
2
Let m(a) = -3*a**3 + 85*a**2 - 6*a + 29. What is the hundreds digit of m(28)?
6
Let z = 635 + 89. What is the tens digit of z?
2
Suppose 6 - 1 = -5*j, 0 = 4*r + 5*j - 1135. What is the hundreds digit of r?
2
Let p(v) = -10*v**3 - 32*v**2 - 13*v - 3. What is the units digit of p(-6)?
3
Let a = -27 + 25. What is the units digit of a - (-3)/((-3)/(-28))?
6
Suppose -14*u + 4673 = -5057. Suppose 4*j - u = -163. What is the tens digit of j?
3
Suppose -5*t - 116 = -2*b, 2*t + b + b = -52. What is the units digit of 32/t*69/(-1)?
2
Suppose 7*z = 4*z - 426. Let y = z + 259. What is the hundreds digit of y?
1
Suppose -3*c + 1838 = -4*j, 2*c - 1230 = -47*j + 52*j. What is the hundreds digit of c?
6
Suppose -48 + 118 = 5*l. Let n(g) = -g**2 + 16*g - 24. Let u be n(l). Suppose -3*s + 2*o + 101 = 0, 0*s = u*s - 2*o - 136. What is the tens digit of s?
3
Let t = 419 - 151. What is the tens digit of t?
6
Suppose -64 = 3*k - 2*o - 764, k = 2*o + 240. Let j = k + -147. Suppose n + 48 = 4*t - j, 0 = -2*n + 10. What is the tens digit of t?
3
Let k be 52/3 + (-2)/6. Suppose v + 18 = 3*j, 4*j + 0*v + v - k = 0. Suppose -j*q - 266 = -5*w - 36, -w + 42 = q. What is the tens digit of w?
4
Suppose 0 = -5*x + 3*x. Suppose x = 5*u - h - 336 - 164, 3*h = 0. Suppose 0 = 3*t + t - u. What is the units digit of t?
5
Let p = 35 + -20. Suppose 4*l = -l + p. What is the units digit of 1/l - 820/(-15)?
5
Let r(b) = -b**2 + 4*b + 7. Let a be (9/6)/(9/30). Let p be r(a). What is the units digit of (0 + p)/((-3)/(-33))?
2
Suppose 3*a + 2*a = -10. Let t be (-2)/3*12/a. Suppose t*h - 4*r = 60, 2*r + 68 = h + 3*h. What is the units digit of h?
9
Suppose 0 = f + 5*w + 59, 4*w - 8 = 5*f + 142. Let y = 117 + f. What is the units digit of y?
3
What is the thousands digit of (-2 + -3334 + 1)*6/(-15)?
1
Let f(t) be the third derivative of -t**6/60 + t**5/5 + t**4/8 + 2*t**3 - 8*t**2. What is the units digit of f(6)?
0
Suppose -f + 0*f + 2 = 3*t, -8 = -3*t + 5*f. Let s(n) = 3*n**3 - 2*n**2 + 2*n - 1. Let r be s(t). Suppose -m + 24 = -r. What is the units digit of m?
6
Suppose 3*d - 504 = 480. Suppose -6*g = 2*g - d. What is the tens digit of g?
4
Let s = -792 - -3198. What is the units digit of s?
6
Let r(b) = -2*b**2 + b - 3*b + 4 + 4*b**2 - b**2. Suppose 4*y - 8 = 2*g - g, 2 = 2*g - 2*y. What is the tens digit of r(g)?
1
Let n(w) = -9*w**3 + 17*w**2 + 5*w - 1. Let s(g) = 5*g**3 - 9*g**2 - 3*g. Let q be 2/4*(-60)/10. Let o(u) = q*n(u) - 5*s(u). What is the units digit of o(4)?
5
What is the units digit of 93*(-3 + (3 - (-3)/9))?
1
Let b(u) = 41*u - 151. What is the tens digit of b(15)?
6
Let k be ((-2177)/14)/((-1)/4). Suppose k = -13*h + 3222. What is the tens digit of h?
0
Let w(y) = -y**2 + 19*y + 120. What is the hundreds digit of w(0)?
1
Let d = 1325 - 384. What is the hundreds digit of d?
9
Let v = 459 - -96. What is the units digit of v?
5
Suppose -42 = -4*n + 3*g - 168, 5*g + 140 = -5*n. Let p = n - -30. Suppose p = 4*i + 10 - 82. What is the tens digit of i?
1
Let z be 3/(-6)*(1 - 1). Suppose z = -0*m - 2*m. Let o = 8 + m. What is the units digit of o?
8
Suppose 31*p = 27*p, 5*p = -4*w + 5468. What is the tens digit of w?
6
Let f(q) = -q - 2. Let j be f(-3). What is the tens digit of (-6 - -4)/j + -1 + 35?
3
Let h(w) = -15*w - 9. Let d be h(-10). Suppose -s - 1 = 0, -4*x + d = -0*s + 3*s. What is the units digit o